+ 54. Suppose -9*h + v + 43 = 0. What is the remainder when 99 is divided by ((-6)/h)/((-1)/(-108)*-3)?
18
Suppose -v + 3 = 0, -v - 11 = 3*j - 869. What is the remainder when j is divided by (1 + (-2)/3)/(17/816)?
13
Let t = 71 + 74. What is the remainder when 715 is divided by t?
135
Suppose -320 = 4*z - 2*x, 5*z - 59*x + 414 = -60*x. Suppose 0 = p + 2*p - 372. Let o = p + z. Calculate the remainder when o is divided by 15.
12
Let j(i) = -i**3 - 8*i**2 - 9*i + 2. Suppose 0 = 3*n + 4*w - 68, 19*n - 23*n - 5*w + 89 = 0. Calculate the remainder when n is divided by j(-7).
0
Suppose -2*t = -465 - 157. Calculate the remainder when t is divided by 36.
23
Suppose l + 72 = 5*l - j, -2*j = -0*j. Calculate the remainder when 70 is divided by l.
16
Calculate the remainder when 2165 is divided by 19/(-57) - 65/(-15).
1
Let b(n) = -2*n**2 + 45*n - 109. Calculate the remainder when 1140 is divided by b(8).
33
Suppose c - 552*w + 567*w = 100, 3*c = -3*w + 48. Suppose 0*p - 2*p - 4*s + 150 = 0, 0 = 2*p + 5*s - 153. Calculate the remainder when p is divided by c.
9
Suppose 0 = -l + 10 + 44. Let r(c) = 2*c**2 + 673*c + 2677. Calculate the remainder when l is divided by r(-4).
3
Let s(q) = q**2 + 3*q + 3. Let v(x) = -x**3 - 12*x**2 + 54*x - 145. Calculate the remainder when s(-9) is divided by v(-16).
12
Suppose 9 = -4*v + 3*v. Let h be 3/v - (-951)/(-9). Let y = -13 - h. What is the remainder when y is divided by 16?
13
Let h(a) = 9*a**2 - 444*a - 2665. Calculate the remainder when h(-6) is divided by 82.
77
Let f = 12 + 257. Let p = -174 + f. Let t = 117 - p. Calculate the remainder when 107 is divided by t.
19
Suppose 4*v = 208 + 32. Suppose 4*h + 39 = 135. Suppose -14 - 1 = -b - 2*q, -b + q = -h. What is the remainder when v is divided by b?
18
Let n(f) = f**3 + 3*f**2 + 2*f + 11. Let v be n(-4). Let i = -388 - -563. Calculate the remainder when i is divided by (((-520)/(-30))/v)/(2/(-66)).
43
Let z(x) = x**2 + 37*x - 40. Let m be z(-38). Let y(j) = -19*j - 12. Calculate the remainder when 673 is divided by y(m).
23
Let x be (0 - 0) + -2 + 9. Let j be 2 - ((-1)/(-1) + -2). Suppose -x*l + 310 = j*l. Calculate the remainder when l is divided by 11.
9
Let v = 1621 - 1603. What is the remainder when 646 is divided by v?
16
Let f(d) = -9*d**3 + d**2 - 212*d - 1081. Calculate the remainder when 2263 is divided by f(-5).
5
Suppose -348 = -45*v - 21*v + 774. What is the remainder when 17270 is divided by v?
15
Suppose 39 = x - 5*p, -3*x - 3*p + 96 = -39. Suppose 0 = 2*d + 3*i - 112, -4 - 190 = -3*d + 2*i. Calculate the remainder when d is divided by x.
18
Suppose 5*w - 80 = 2*q - 87, 3*q - 24 = 3*w. What is the remainder when 1821 is divided by q?
6
Suppose 4*f - 4*a - 204 = 0, 0*f + 4*f = -3*a + 183. Calculate the remainder when (-42)/5*-1*(-200)/(-12) is divided by f.
44
Let g(w) = -4*w - 36. Let x(r) = 7*r + 73. Let z(k) = 9*g(k) + 4*x(k). Let j(m) = 4*m**2 - m + 2. Calculate the remainder when j(-3) is divided by z(-7).
17
Let y(k) = -2*k + 234. Calculate the remainder when y(-24) is divided by 109.
64
Let f(s) = -162 - 9*s + 83 + 53*s - 214. What is the remainder when f(10) is divided by 39?
30
Let q = -64 + 68. Let b(w) = 14*w**2 - 2*w + 24. Let j be b(q). Suppose 5*n = 2*n, 2*a + n = j. What is the remainder when a is divided by 25?
20
Suppose -3*f - g + 243 = 0, -81*f - 81 = -82*f + 3*g. Calculate the remainder when 722 is divided by f.
74
Let s(n) = 15*n**2 + 126*n - 54. What is the remainder when s(-9) is divided by 21?
6
Suppose 4 = -17*v + 55. Suppose 67 = p - j, 5*p + 0*p + v*j - 359 = 0. What is the remainder when p is divided by -2 + 0 - -2 - -12?
10
Let q be (-5192)/(-154) - (-2)/7. Let g = -11 + q. Calculate the remainder when 11/(-110) + (-871)/(-10) is divided by g.
18
What is the remainder when 562 is divided by -2 + 179 + 368 + -347?
166
Suppose -3*t - 330323 = -2*k - 2*k, 5*t - 4*k = -550533. What is the remainder when 2/17 + t/(-323) is divided by 19?
18
Let k = 445 + -431. What is the remainder when k is divided by 6?
2
Let g = -28 + 52. Let h = g - 16. Suppose -473 = 41*r - 1293. What is the remainder when r is divided by h?
4
Suppose -3*t = s - 110, 3*t + 34 = 4*t + s. Suppose 2*f = 4*i + t, 5*f = -29*i + 32*i + 95. What is the remainder when 37 is divided by f?
18
Suppose 0 = -4*n + 65 + 67. Calculate the remainder when 575 is divided by n.
14
Let k = 1608 - 1051. Calculate the remainder when k is divided by 162.
71
Let h be -1*(-6)/(-4)*-2. Let q(t) = -2*t**3 + 9*t**2 - 9. Calculate the remainder when 40 is divided by q(h).
4
Let f = 1403 + -1360. Calculate the remainder when 493 is divided by f.
20
Let l(j) = 172*j + 111. Let s be l(5). Suppose 0 = 25*u - 629 - s. What is the remainder when u is divided by 21?
1
Suppose 5*o + 3275 = 3*u, 10 = -2*o + 4*o. Calculate the remainder when u is divided by 69.
65
Let r(o) = o**3 - 30*o**2 + 31*o - 49. Let u be r(29). Suppose 2*q + u = 99. Calculate the remainder when q is divided by 24.
21
Let c = 186 - 70. Let i(h) = -6*h - 49. Let n be i(-11). Suppose -38*t + n*t = -630. Calculate the remainder when c is divided by t.
26
Let u(g) = -60 + 60 + 3*g. Suppose -3*m + 2*w + 505 = 0, -3*m + 597 = 3*w + 117. Calculate the remainder when m is divided by u(14).
39
Let r be (-139370)/231*3/(-2). Let j = -1 + 10. Suppose -j*v = -472 - r. Calculate the remainder when v is divided by 13.
10
Let x(u) = -41*u + 6172. What is the remainder when x(0) is divided by 49?
47
What is the remainder when 1/(1*(-11*411/(-753) + -6)) is divided by 226?
25
Let k(h) = 4*h**3 - 15*h**2 + 15. What is the remainder when 226 is divided by k(4)?
9
Let a = -171 - -179. Suppose -2*f + 5*x + 14 = 0, a = f - 3*x - 0. Let q(y) = y - 4. Calculate the remainder when q(9) is divided by f.
1
Let m(l) = -9*l + 404. Suppose 508*p - 516*p = -536. What is the remainder when p is divided by m(41)?
32
Suppose -j + 5*m + 37 + 100 = 0, j = m + 117. Suppose j = 10*y + 22. Let f = -54 + 89. What is the remainder when f is divided by y?
8
Let j(a) be the second derivative of a**4/12 + 5*a**3/6 - 7*a**2 - 9*a. Let b be j(-7). Let s = 26 - b. Calculate the remainder when 51 is divided by s.
25
Suppose 57 = -2*c + 5*c. Suppose -79 = -23*p + 247 + 2250. What is the remainder when p is divided by c?
17
Suppose -35*v + 5*a + 30 = -38*v, 4*a = 0. Let o(c) = -14*c - 76. What is the remainder when 509 is divided by o(v)?
61
Suppose 25*v + 14*v = 34*v + 225. What is the remainder when 866 is divided by v?
11
Let u(c) = -11*c**3 + 56*c**2 + 10*c - 9. What is the remainder when 734 is divided by u(5)?
8
Suppose 840 = 3*u - 5*o, 21*o - 17*o = u - 280. What is the remainder when u is divided by 170?
110
Let j(m) = 12*m + 3. Let q = -30943 + 31057. Calculate the remainder when q is divided by j(3).
36
Suppose 5*p = -a + 1216, -5*p = -10*p + 4*a + 1236. Let o = 309 - p. Calculate the remainder when o is divided by 34.
31
Calculate the remainder when 3756 is divided by 92 - 29/((-232)/(-96)).
76
Suppose 7*f - 628 = 3*f. Let z(q) = -8 - 129*q + f*q - 2. What is the remainder when z(2) is divided by 7?
4
Let i(x) = -50*x - 1378. Calculate the remainder when 386 is divided by i(-31).
42
Let g(x) = x - 2*x + 10*x**2 - 5*x**2. Let u = -1204 + 1201. What is the remainder when g(u) is divided by 25?
23
Let t(i) = 1521*i**2 + 40*i + 52. What is the remainder when t(-2) is divided by 20?
16
Let z be 1564*(-9 - (-171)/18). Calculate the remainder when ((-212)/(-8))/(17/z) is divided by 26.
23
Let n(h) = -h**3 + 3*h**2 + 2*h + 7. Let i be n(4). Let u(o) = -40*o - 5. Calculate the remainder when u(i) is divided by 6.
5
Let o = -6592 + 6880. What is the remainder when o is divided by 90?
18
Let t(p) = 2*p**3 + 359*p**2 - 157*p + 4160. Let b = -55 - -112. What is the remainder when b is divided by t(-180)?
17
Let c = -79 + 82. Suppose 147 = 10*h - c*h. What is the remainder when h is divided by 3?
0
Let y = -290 + 298. Suppose 0 = y*u - 543 - 57. What is the remainder when u is divided by 40?
35
Let o(w) = 16*w**2 + 4*w - 9. What is the remainder when o(23) is divided by 18?
15
Let o(c) be the third derivative of -7*c**6/24 + c**5/12 + c**4/4 + c**3/3 + 16*c**2. Let x = 22 - 2. What is the remainder when o(-1) is divided by x?
16
Let w(b) = b**3 - 4*b**2 - 5*b + 2. Let d